.
-4
Let z(r) = -97*r**2 - 3004*r + 85. Determine z(-31).
-8
Let y(i) = 3*i**3 - 497*i**2 - 169*i + 496. Determine y(166).
-2
Let y(w) = -65*w + 364. Calculate y(9).
-221
Let h(n) = 10*n**2 + 4*n + 5. Determine h(4).
181
Let f(q) = -2*q**2 + 20*q - 95. Determine f(4).
-47
Let r(v) = -13*v**2 + 438*v + 136. Determine r(34).
0
Let m(b) = 2*b**3 - 20*b**2 + 7*b + 118. Calculate m(9).
19
Let u(a) = 38*a + 284. What is u(-8)?
-20
Let i(d) = 3*d**3 + 6*d**2 + 25*d + 96. Calculate i(-3).
-6
Let v(s) = 9*s + 21. Determine v(18).
183
Let y(a) = -124*a - 880. Give y(-8).
112
Let d(y) = -139*y - 9385. Determine d(-69).
206
Let u(r) = r**3 + 9*r**2 - 27*r + 6. Calculate u(3).
33
Let z(t) = 16*t**2 - 4*t - 4. Calculate z(-1).
16
Let x(j) = -j**3 - 65*j**2 + 53*j - 865. Give x(-66).
-7
Let h(q) = q**2 + 40*q - 961. Determine h(-56).
-65
Let z(h) = h**2 - h - 357. Determine z(22).
105
Let f(g) = g**2 - 32*g - 23. What is f(32)?
-23
Let v(c) = c**3 + 8*c**2 - 5*c - 38. Give v(-8).
2
Let f(x) = x**2 + 13*x - 694. Determine f(-34).
20
Let u(v) = -342*v + 26. Calculate u(1).
-316
Let n(u) = -2*u**3 - 14*u**2 + 4*u + 132. Calculate n(-5).
12
Let w(n) = -n**3 - 20*n**2 - 20*n - 17. Give w(-19).
2
Let v(s) = 187*s + 503. Determine v(-3).
-58
Let u(w) = w**3 + 27*w**2 - 4*w - 59. Determine u(-27).
49
Let s(x) = -18*x - 95. Give s(0).
-95
Let d(r) = 2*r**3 - 9*r**2 + 788*r - 4827. Calculate d(6).
9
Let h(p) = 2*p + 91. What is h(-42)?
7
Let b(x) = -x**2 + 186*x + 16000. What is b(-64)?
0
Let k(c) = -197*c - 1160. What is k(-6)?
22
Let k(v) = -v**2 - 13*v - 182. Give k(-12).
-170
Let y(t) = 87*t - 1129. Give y(13).
2
Let s(c) = -c**3 + 3*c**2 + 47*c - 187. Give s(4).
-15
Let y(g) = -g**3 + 223*g**2 + 2091*g + 21. Determine y(-9).
-6
Let a(h) = 60*h**2 + 512*h + 515. Determine a(-1).
63
Let f(d) = 15*d + 43. Calculate f(0).
43
Let r(y) = 12*y + 699. Determine r(-57).
15
Let p(n) = n**2 + 32*n - 220. What is p(-38)?
8
Let j(c) = 122*c + 1858. What is j(-14)?
150
Let x(k) = -k**3 + 20*k**2 - 2*k + 98. Give x(20).
58
Let x(y) = -y**2 - 367*y - 2186. Give x(-6).
-20
Let v(q) = -q**2 - 1715*q - 17043. What is v(-10)?
7
Let v(t) = 5*t**2 + 39*t - 425. Give v(-14).
9
Let o(d) = -5*d**2. What is o(1)?
-5
Let s(j) = 38*j - 287. What is s(1)?
-249
Let z(x) = -14*x**2 + 77*x - 20. What is z(5)?
15
Let s(l) = 2*l**2 - 275*l + 3681. What is s(15)?
6
Let j(m) = -26*m - 37. Give j(5).
-167
Let f(s) = s**3 - 10*s**2 - 3*s + 129. Determine f(5).
-11
Let a(k) = 39*k + 3827. Give a(-98).
5
Let k(x) = -17*x - 1470. Calculate k(-86).
-8
Let o(z) = -2*z**3 - 23*z**2 + 19*z + 28. What is o(-12)?
-56
Let n(j) = -3*j**3 - 40*j**2 - 52*j - 59. Give n(-12).
-11
Let n(c) = -3*c**2 - 2*c + 88. Determine n(6).
-32
Let t(y) = -y**2 + 6*y + 26. Calculate t(-4).
-14
Let w(a) = -a**2 - 4*a - 3. Determine w(-2).
1
Let i(l) = -l**3 + 6*l**2 + 24*l - 19. Give i(7).
100
Let c(r) = r**3 - r**2 - 10*r - 27. What is c(4)?
-19
Let a(y) = -258*y + 2051. Calculate a(8).
-13
Let l(o) = -o**3 + 10*o**2 + 42*o - 49. Determine l(11).
292
Let k(t) = -20*t**2 - 12*t + 5. What is k(1)?
-27
Let z(f) = f**3 + 5*f**2 + 5*f + 11. Calculate z(-3).
14
Let h(o) = -461*o - 6918. Determine h(-15).
-3
Let z(t) = -t**3 - 26*t**2 - 135*t - 2071. Determine z(-24).
17
Let q(x) = -9*x + 543. What is q(61)?
-6
Let a(x) = -6071*x - 18272. Give a(-3).
-59
Let d(b) = -22*b**2 + 477*b + 157. Calculate d(22).
3
Let n(t) = 2412*t + 33. Give n(0).
33
Let u(x) = 129*x - 4196. Determine u(33).
61
Let g(y) = -y**3 - 9*y**2 + 10*y - 39. Determine g(-10).
-39
Let d(k) = k**2 + 118*k - 1985. Determine d(15).
10
Let r(d) = d**2 - 590*d + 4649. What is r(8)?
-7
Let g(a) = 6*a**2 - 12*a - 36. What is g(-4)?
108
Let j(s) = -2*s**2 - 28*s - 214. What is j(-7)?
-116
Let y(s) = -56*s + 251. Determine y(6).
-85
Let j(x) = 2*x**2 + 40*x - 187. Give j(6).
125
Let w(n) = -10*n**2 - 42*n - 256. Give w(-6).
-364
Let n(j) = -j**3 - j**2 - 15. Calculate n(0).
-15
Let d(u) = -8*u**2 + 4524*u - 4522. Give d(1).
-6
Let i(a) = 5*a**2 - 45*a - 210. What is i(13)?
50
Let p(a) = -a**3 - 16*a**2 + 75*a - 90. Give p(-20).
10
Let x(b) = -2*b**2 + 46*b + 3230. Calculate x(53).
50
Let x(t) = 64*t**3 + 59*t**2 + 60*t. What is x(-1)?
-65
Let h(u) = 2*u**2 + 22*u + 44. Give h(-2).
8
Let m(n) = 6*n + 112. Determine m(-15).
22
Let a(h) = 73*h**3 + 1167*h**2 - 13*h + 49. Give a(-16).
1
Let u(r) = 2*r**2 - 31*r + 146. Calculate u(5).
41
Let c(n) = 8*n**2 + 28*n + 3. Calculate c(-5).
63
Let f(d) = 112*d - 7928. Calculate f(71).
24
Let k(a) = a - 25. Calculate k(22).
-3
Let c(m) = -m**2 + 42*m - 243. What is c(7)?
2
Let w(u) = -9*u - 2. Give w(12).
-110
Let d(y) = -9*y + 1505. Determine d(165).
20
Let f(k) = -4*k**2 + 68*k - 288. Determine f(7).
-8
Let h(o) = -2*o**3 - 9*o**2 + 1930*o + 5837. What is h(-3)?
20
Let n(l) = l**3 - 18*l**2 + 59*l - 71. Give n(15).
139
Let q(n) = n**2 + 21*n + 85. What is q(-14)?
-13
Let w(r) = 22*r**2 + 66*r - 67. Calculate w(1).
21
Let y(p) = -2*p**3 + 50*p**2 - 46*p - 20. Determine y(24).
28
Let f(d) = 61*d - 1004. What is f(16)?
-28
Let n(z) = -181*z**2 + 1812*z - 15. Determine n(10).
5
Let w(n) = n**3 - 43*n**2 - 253*n - 53. What is w(-5)?
12
Let t(y) = y**3 + 154*y**2 - 161*y - 932. Give t(-155).
-2
Let c(w) = w**2 - 10*w - 4. Determine c(14).
52
Let o(s) = -3*s - 337. Determine o(-27).
-256
Let f(y) = y**3 - 31*y**2 - 93*y + 30. Give f(-3).
3
Let g(c) = -2*c**2 - 308*c - 2087. Determine g(-147).
-29
Let g(l) = -l**3 + 79*l**2 + 164*l - 160. Calculate g(81).
2
Let q(r) = 6384*r - 31940. Determine q(5).
-20
Let d(o) = 2*o**2 - 11*o - 335. What is d(0)?
-335
Let j(s) = 3*s**2 - 125*s + 1072. Determine j(29).
-30
Let t(w) = 117*w + 1041. Determine t(-9).
-12
Let x(v) = -v**3 - 26*v**2 - 41*v - 381. Determine x(-25).
19
Let x(w) = 2*w**3 + 17*w**2 + 30*w + 24. What is x(-6)?
24
Let h(j) = 7*j**2 - 48*j - 258. Give h(13).
301
Let k(x) = x**3 - 39*x**2 + 58*x + 1960. Give k(36).
160
Let c(o) = -179*o + 10553. Calculate c(59).
-8
Let g(m) = 13*m + 192. Calculate g(-19).
-55
Let a(c) = 115*c - 360. Determine a(3).
-15
Let y(d) = -335*d - 2345. Calculate y(-7).
0
Let f(b) = b**2 + 83*b + 1644. Give f(-50).
-6
Let w(o) = -o**3 + 22*o**2 - 87*o - 152. Determine w(16).
-8
Let j(q) = -q**2 + 33*q - 238. Give j(7).
-56
Let b(l) = -7*l**2 + 9*l - 23. What is b(2)?
-33
Let h(p) = -6*p**2 - 21*p - 23. What is h(-8)?
-239
Let f(o) = -o**3 + 9*o**2 - 10*o - 37. Determine f(4).
3
Let c(f) = -f**3 - 3*f. What is c(2)?
-14
Let i(x) = 248*x + 57. Determine i(3).
801
Let b(t) = -t**3 + 11*t**2 - 22*t - 37. What is b(7)?
5
Let d(u) = u**2 - 311*u + 4999. Give d(17).
1
Let f(d) = 5354*d - 278409. Calculate f(52).
-1
Let w(j) = -3*j**3 - 100*j**2 - 32*j + 58. Calculate w(-33).
25
Let j(z) = z**2 + z + 8. Give j(-5).
28
Let q(o) = -5*o**2 + 57*o + 44. Give q(13).
-60
Let j(h) = -h**2 + 2042*h + 32919. Calculate j(-16).
-9
Let k(z) = -183*z**2 - 171*z + 1. What is k(-1)?
-11
Let r(w) = 113*w - 48. Determine r(-1).
-161
Let d(o) = -o**3 - 17*o**2 - 56*o - 206. What is d(-14)?
-10
Let h(c) = 33*c**3 - 14*c - 15. Determine h(-1).
-34
Let q(v) = 2*v**2 + 56*v + 294. Determine q(-5).
64
Let z(g) = -g**3 - 39*g**2 + 84*g + 81. What is z(-41)?
-1
Let f(h) = -h**3 - 9*h**2 - 19*h - 136. Calculate f(-9).
35
Let b(q) = -7*q**2 - 32*q - 7. Give b(-7).
-126
Let q(i) = -78*i - 304. Determine q(-4).
8
Let u(z) = 419*z - 1677. Determine u(4).
-1
Let t(n) = -2*n**2 - 10*n + 25. Give t(-5).
25
Let l(c) = -116*c - 921. Determine l(-8).
7
Let r(d) = 45*d - 116. Determine r(14).
514
Let l(c) = 17*c + 295. Determine l(-16).
23
Let n(o) = -2*o**3 - 122*o**2 - 33*o - 2015. Calculate n(-61).
-2
Let q(p) = 194*p**3 - 2*p**2 + 6*p - 4. Give q(1).
194
Let w(f) = 848*f + 5931. Calculate w(-7).
-5
Let f(z) = -712*z**2 + 2868*z - 1. Determine f(4).
79
Let m(k) = 49*k**2 + 4461*k + 165. What is m(-91)?
-17
Let x(s) = -2*s**3 + 17*s**2 - 57*s + 9. What is x(4)?
-75
Let z(o) = o**3 + 21*o**2 + 21*o + 10. Determine z(-20).
-10
Let y(q) = -26*q**2 - 1204*q - 361. Calculate y(-46).
7
Let b(o) = 2*o**3 + 25*o**2 - 40*o - 66. Give b(-13).
285
Let w(v) = -2*v**3 - 70*v**2 + 74*v + 28. Give w(-36).
-44
Let k(x) = 5*x**2 + 966*x - 16506. Calculate k(-209).
5
Let y(g) = g**3 + 16*g**2 - 19*g - 130. What is y(-17)